?
False
Is 2 a factor of 160302758?
True
Does 1017 divide 224424351?
False
Is 5529905 a multiple of 230?
False
Is 519270035 a multiple of 169?
False
Is 128767100 a multiple of 2450?
True
Is 9 a factor of 204066?
True
Is 354 a factor of 12926776?
False
Is 2291 a factor of 11555483?
False
Is 109 a factor of 105135841?
True
Does 941 divide 36642695?
False
Is 6 a factor of 720973726?
False
Is 365922732 a multiple of 1932?
True
Is 805053132 a multiple of 9?
True
Is 372076960 a multiple of 7685?
True
Is 1281 a factor of 491832264?
True
Is 1443458225 a multiple of 1967?
False
Is 2369865036 a multiple of 1652?
True
Is 6025544 a multiple of 513?
False
Does 4191 divide 6152388?
True
Does 63 divide 271448289?
True
Is 33 a factor of 2233408975?
False
Is 10219862 a multiple of 118?
True
Is 191 a factor of 51793969?
False
Is 180853602 a multiple of 43?
False
Does 452 divide 50714852?
True
Is 1060 a factor of 5756860?
True
Is 16724190 a multiple of 186?
True
Does 35 divide 141496740?
True
Does 253 divide 18809538?
True
Is 423899 a multiple of 96?
False
Does 122 divide 1164727940?
False
Is 570073356 a multiple of 54?
True
Is 9 a factor of 649329506?
False
Is 235447734 a multiple of 132?
False
Is 175600008 a multiple of 632?
False
Does 7 divide 588074?
False
Does 4574 divide 2934582414?
False
Does 3 divide 64542181?
False
Is 483 a factor of 1776260997?
True
Does 12 divide 967764?
True
Is 31729620 a multiple of 390?
True
Does 2698 divide 220862989?
False
Does 21 divide 945338730?
True
Is 1275678 a multiple of 11?
False
Is 699 a factor of 81827508?
False
Is 719989312 a multiple of 106?
True
Is 1118965872 a multiple of 24?
True
Does 3414 divide 160795855?
False
Does 9 divide 49850938?
False
Is 92 a factor of 51186040?
True
Does 4 divide 138174807?
False
Is 10281552 a multiple of 67?
True
Does 275 divide 29806143?
False
Is 1238435514 a multiple of 18?
True
Does 1248 divide 137505773?
False
Is 387 a factor of 593239401?
False
Is 196 a factor of 21119784?
True
Is 1260134152 a multiple of 30?
False
Is 384956251 a multiple of 5431?
False
Is 1975604276 a multiple of 446?
True
Is 116599245 a multiple of 7?
True
Is 369 a factor of 185913270?
True
Does 13 divide 51596039?
False
Does 81 divide 1030799?
False
Is 7 a factor of 4748590?
True
Is 136708632 a multiple of 12?
True
Is 19 a factor of 2610691281?
False
Is 54711469 a multiple of 292?
False
Is 26 a factor of 65698772?
False
Is 751771020 a multiple of 924?
True
Is 13 a factor of 138639201?
False
Is 74920050 a multiple of 54?
False
Is 858 a factor of 9476610?
True
Is 9 a factor of 9679695?
False
Is 2146 a factor of 83930353?
False
Is 10 a factor of 99433530?
True
Is 568 a factor of 345853962?
False
Is 3233 a factor of 67450079?
True
Does 3 divide 9060566?
False
Does 804 divide 25764663?
False
Is 570 a factor of 104014161?
False
Is 20288630 a multiple of 36?
False
Is 314718648 a multiple of 14?
False
Does 6 divide 45544501?
False
Is 14 a factor of 58017876?
True
Does 14 divide 53993683?
False
Does 3 divide 15357404?
False
Is 1287 a factor of 48702247?
False
Does 262 divide 464325035?
False
Is 2303700112 a multiple of 8666?
True
Is 178862281 a multiple of 51?
False
Does 83 divide 22995150?
True
Does 61 divide 791937147?
False
Is 698 a factor of 85422636?
True
Does 1474 divide 364025734?
False
Is 16792658 a multiple of 43?
False
Does 14 divide 28477918?
True
Is 609177044 a multiple of 856?
False
Is 109456380 a multiple of 11?
True
Is 4 a factor of 57471152?
True
Is 2321988240 a multiple of 2640?
True
Does 9 divide 150900270?
False
Is 920 a factor of 28390280?
True
Is 76 a factor of 107501468?
True
Is 13172880 a multiple of 30?
True
Does 283 divide 2266650012?
True
Is 38518345 a multiple of 16?
False
Is 1466 a factor of 59660940?
False
Is 760074 a multiple of 42?
True
Is 835841988 a multiple of 207?
True
Is 1038747549 a multiple of 29?
True
Is 18 a factor of 281108196?
True
Does 116 divide 152145832?
True
Is 1269 a factor of 21487505?
False
Is 70634940 a multiple of 11?
False
Is 2160781742 a multiple of 156?
False
Does 11 divide 12080640?
True
Does 16 divide 7892944?
True
Does 90 divide 107866080?
True
Is 300 a factor of 464960400?
True
Does 291 divide 4310292?
True
Does 22 divide 2043342620?
True
Does 41 divide 189907490?
True
Is 125 a factor of 3171750?
True
Is 234 a factor of 71197542?
True
Does 1578 divide 20730186?
True
Is 1366577465 a multiple of 55?
True
Is 3 a factor of 63135713?
False
Is 62029216 a multiple of 2?
True
Does 23 divide 2523428026?
True
Does 697 divide 45099722?
False
Does 5621 divide 419960400?
False
Is 151178364 a multiple of 9?
True
Is 95813111 a multiple of 5?
False
Is 73 a factor of 1003471651?
True
Is 424094657 a multiple of 7?
True
Does 61 divide 71644082?
False
Does 136 divide 793178384?
True
Is 402 a factor of 2917602234?
True
Is 3067 a factor of 82241605?
True
Is 30111324 a multiple of 2762?
True
Is 59 a factor of 131758546?
False
Is 1732 a factor of 352483363?
False
Is 7 a factor of 83547758?
True
Is 249 a factor of 13804062?
True
Is 10 a factor of 30580285?
False
Is 7244865672 a multiple of 9669?
True
Is 14027108 a multiple of 78?
False
Is 776 a factor of 43379952?
True
Is 140079345 a multiple of 21?
True
Does 964 divide 250920524?
True
Is 1437212 a multiple of 610?
False
Is 2011275717 a multiple of 71?
True
Is 52 a factor of 60460837?
False
Is 11 a factor of 34942316?
False
Is 2791794 a multiple of 406?
False
Is 40 a factor of 343457814?
False
Is 22352760 a multiple of 4?
True
Is 19804630 a multiple of 139?
False
Is 150412872 a multiple of 3530?
False
Is 47 a factor of 58728065?
False
Is 2245061469 a multiple of 1378?
False
Does 1066 divide 621333024?
True
Is 190 a factor of 9334700?
True
Is 6320 a factor of 1129175509?
False
Does 54 divide 473347620?
False
Is 321507362 a multiple of 31?
False
Is 2885147 a multiple of 311?
True
Is 2237560 a multiple of 1324?
True
Is 317256563 a multiple of 16?
False
Is 2888962076 a multiple of 1162?
True
Is 11861569 a multiple of 481?
False
Is 824500377 a multiple of 91?
False
Does 46 divide 104839952?
False
Is 58403443 a multiple of 221?
False
Does 12 divide 468589808?
False
Is 10766833 a multiple of 26?
False
Is 32401180 a multiple of 5?
True
Is 71 a factor of 210562286?
True
Is 8 a factor of 2544757416?
True
Does 72 divide 263972626?
False
Does 35 divide 10776361?
False
Does 14 divide 4665724?
True
Does 141 divide 107404212?
True
Is 3442 a factor of 239583852?
True
Is 3054491 a multiple of 458?
False
Does 34 divide 1548175851?
False
Does 12 divide 273992034?
False
Is 1053433979 a multiple of 369?
False
Is 124730881 a multiple of 145?
False
Is 579969973 a multiple of 55?
False
Is 490116636 a multiple of 120?
False
Does 178 divide 67492414?
False
Is 1142 a factor of 72244564?
False
Is 50514138 a multiple of 27?
True
Does 250 divide 45576460?
False
Does 6865 divide 957921505?
True
Is 1557967896 a multiple of 338?
False
Is 11 a factor of 759824560?
True
Is 1492668662 a multiple of 5518?
True
Is 25609310 a multiple of 809?
False
Is 279459485 a multiple of 205?
True
Is 23914848 a multiple of 24?
True
Does 6 divide 247228098?
True
Is 5 a factor of 421226667?
False
Is 91 a factor of 80157623?
True
Is 3 a factor of 1065718?
False
Does 2643 divide 1702263769?
False
Is 414 a factor of 1742979744?
True
Is 495616709 a multiple of 131?
False
Is 133827391 a multiple of 251?
False
Is 37289475 a multiple of 15?
True
Is 65117770 a multiple of 755?
False
Does 299 divide 1955052762?
True
Is 552 a factor of 2232993751?
False
Does 72 divide 62904456?
True
Is 53 a factor of 929860620?
True
Is 571 a factor of 41215922?
True
Does 266 divide 211160642?
True
Is 51 a factor of 139607236?
False
Is 142873668 a multiple of 93?
True
Is 281 a factor of 43736992?
False
Is 2 a factor of 184211285?
False
Is 334 a factor of 75365655?
False
Is 2695 a factor of 354883017?
False
Does 4 divide 871911812?
True
Does 378 divide 11018322?
True
Is 120223956 a multiple of 821?
True
Is 5526526 a multiple of 18?
False
Is 49 a factor of 254221702?
True
Does 368 divide 4179461269?
False
Is 11 a factor of 3224192411?
True
Is 746 a factor of 291602448?
True
Does 483 divide 1178193732?
False
Is 6387450 a multiple of 878?
True
Is 10 a factor of 14839490?
True
Does 379 divide 253695835?
False
Does 897 d